s of q.
2
Suppose b = -4*j - 38, 0*j + 12 = -3*j. Let a = 54 + b. What are the prime factors of a?
2
Let p(t) = 15*t - 44. List the prime factors of p(6).
2, 23
Let x = -3 - -8. Let g be (-18)/10 - x/25. What are the prime factors of ((-1)/g)/((-2)/(-12))?
3
Suppose -8 = -a + 5*r, 3*a - 2*r = -2 + 26. What are the prime factors of a?
2
Suppose 5*w = 3*z - 12, 13 = -3*w - 5*z + z. Suppose 0 = 2*q + 3*q - 45. List the prime factors of (-6)/w + q/1.
11
Suppose 2*y = 5*u - 19 + 51, y - u = 10. List the prime factors of (-1)/(-3) - (-16)/y.
3
Suppose -5*y + 276 = -44. What are the prime factors of y?
2
What are the prime factors of 2/(5 + -1)*34?
17
Let g(p) = 61*p**3. List the prime factors of g(1).
61
Let j(i) = 13*i**2 - i - 2. Let o be j(-3). Let y = o + -72. Let h = y + -26. What are the prime factors of h?
2, 5
Let c(w) = -3*w**2 - 3*w - 2. Let v be c(-2). Let n = 30 - v. List the prime factors of n.
2, 19
Let p = 1 + 3. List the prime factors of p/2 + 15/5.
5
Let p(j) = -2*j**2 - 20*j - 25. Let k(a) = a**2 + 10*a + 13. Let m(v) = 5*k(v) + 3*p(v). Let l be m(-7). Let b = -5 + l. What are the prime factors of b?
2, 3
Let r(v) = v**2 - 42*v + 9. What are the prime factors of r(-7)?
2, 11
Let l = -4 + 25. What are the prime factors of l?
3, 7
Let w = -7 + 12. Suppose 5 = z - w. List the prime factors of 1/2 + 95/z.
2, 5
Let o be (-86)/(-8) + 2/8. Suppose -3*s = 4*d + 36, 3*d - 2*d = 5*s + 14. Let w = o + d. List the prime factors of w.
5
Let p be -2*(117/(-6))/(-3). Let v = -5 - p. What are the prime factors of v?
2
Suppose -2*w + 5*v + 45 = -7*w, -4*w + 4*v - 68 = 0. What are the prime factors of w/(6/(-3) + 1)?
13
Suppose 5*l + 2*y = -240, -5*l + 3*y = -2*l + 123. Let u = -21 - l. List the prime factors of u.
5
Let u be 6 + -1 + 0/(-2). Suppose u*l - 2*l + 12 = 0. Let w = l - -10. What are the prime factors of w?
2, 3
List the prime factors of (6/(-5))/(4/(-60)).
2, 3
List the prime factors of ((-20)/6)/(32/(-48)).
5
Suppose 2*m - 76 = -5*n - m, -60 = -3*n + 3*m. List the prime factors of n.
17
Let q be (-2)/(-3) + (-8)/(-6). Suppose -2*c = -5*d + 40, -q*c - 5 = -d - c. Let u(z) = -z + 16. List the prime factors of u(d).
2, 3
Let n(w) = -2 + w**2 - 2 + 0. Let t be n(-6). Let p = t - 20. List the prime factors of p.
2, 3
Let v be (-3)/(3/(-5)) + -3. List the prime factors of 1*21 - (-3 + v).
2, 11
Let o(i) = i**2 + 10*i + 8. List the prime factors of o(-10).
2
Let f(y) = -7 - 1 + 4 + 26*y. List the prime factors of f(2).
2, 3
Suppose 5*c - 124 - 306 = 0. What are the prime factors of c?
2, 43
Let n(i) = -4*i**3 + 6*i**3 + 3*i + 0*i**3 - 2*i. Let z be n(-1). List the prime factors of 6*(-1)/(z + 0).
2
Let s = 9 + -4. Suppose 5*f - 5*u - 121 = -11, -65 = -3*f + 2*u. Suppose 5*w - 23 = -4*d, -s*d + 59 = -3*w + f. What are the prime factors of d?
7
Let i(f) = -f**2 + 17*f + 8. List the prime factors of i(10).
2, 3, 13
Suppose 4*z - 189 = 39. Let t = z + -41. What are the prime factors of t?
2
Let p(h) = h**2 - 10*h + 9. Let f be p(10). What are the prime factors of 0 - f/((-9)/20)?
2, 5
Let b(r) = r**2 + 2*r. Let o be b(-2). Let s(k) = k**2 + 4*k + 3. Let c be s(-3). Suppose c = h - 12 - o. List the prime factors of h.
2, 3
Let f = 3 - 10. Let k(b) = -b**2 - 11*b - 5. What are the prime factors of k(f)?
23
Let i(d) = -1 - 2*d**3 - 2*d - 2*d + 4*d**2 + d**3. Let t be i(3). What are the prime factors of -1*(t + 0 + 1)?
3
Let r(i) = 4 + 29*i - 12 - 3*i. Let m(b) = 17*b - 5. Let a(h) = -8*m(h) + 5*r(h). What are the prime factors of a(-2)?
2, 3
Let l = -219 - -116. Let r = -61 - l. What are the prime factors of r?
2, 3, 7
Let q(t) = -3*t + 10. What are the prime factors of q(-7)?
31
Let s be (-10)/(1 - 3 - 0). Suppose -3*j + 3*w - 5*w + 31 = 0, -3*w - 58 = -s*j. Suppose -z + j = -3. What are the prime factors of z?
2, 7
Let j(d) = -d**3 + 4*d**2 - 2*d - 1. Suppose 0 = -c + 5*c - 8. Let z be j(c). Suppose -9 + 30 = z*w. What are the prime factors of w?
7
Let v = -27 - -356. What are the prime factors of v?
7, 47
Let y be 588/(-30) + (-2)/5. Let n = -9 - y. List the prime factors of n.
11
Let g(x) be the third derivative of -x**5/60 - x**4/4 + 5*x**3/6 + x**2. List the prime factors of g(-5).
2, 5
Suppose 3*g + l = -4*l + 24, 0 = g - l. Let q be 3/(1*g/2). What are the prime factors of (2 - 4)*(-9)/q?
3
Let f(b) = -b**2 + 6*b - 3. Suppose -5*k = -35 + 10. Let s = k + -1. What are the prime factors of f(s)?
5
Let g(j) = -3 + 2 + 3*j - 4*j. List the prime factors of g(-3).
2
Suppose 0*c + 4 = 2*p - c, -5*c = 2*p - 4. What are the prime factors of 2 - ((1 - p) + 1)?
2
Let n(f) be the third derivative of -f**4/12 - f**3/3 - f**2. List the prime factors of n(-2).
2
Suppose -2*v = f - 16, -3*v - 2*f + 40 = 2*v. Let y(c) be the second derivative of -c**3/6 + 11*c**2/2 - 2*c. List the prime factors of y(v).
3
Let f = 5 - -1. Let v = 1 + 4. Suppose f*u - 16 = v*u. List the prime factors of u.
2
Let w = -20 - -66. What are the prime factors of w?
2, 23
Let r(h) = -2*h - 3. Let n(i) = -2*i - 3. Let x = 7 - 13. Let q(f) = x*r(f) + 5*n(f). What are the prime factors of q(3)?
3
Let j(h) = -4*h - 3. Let c be j(-3). Let g be 6/27 - (-32)/18. Let d = c - g. List the prime factors of d.
7
Suppose 3*p - 1 - 5 = 0, 3*c - 218 = 5*p. What are the prime factors of c?
2, 19
Suppose 2*a + 5*v - 264 = 0, 2*v = a + 30 - 153. Suppose 5*r - a = -7. What are the prime factors of r?
2, 3
List the prime factors of (-155 - 10)*8/(-10).
2, 3, 11
Let l = -42 + 302. What are the prime factors of l?
2, 5, 13
Suppose 3*x + 2 = -4. What are the prime factors of (1 - -5) + x/(-2)?
7
Suppose -5*v - 2*i = -5*i - 1088, -5*i - 420 = -2*v. What are the prime factors of v?
2, 5, 11
Let r(x) = -3*x**3 - x**2 + 4*x - 2. List the prime factors of r(-3).
2, 29
Let n(y) = -23*y - 32. What are the prime factors of n(-12)?
2, 61
Suppose 0*y = -y + 13. List the prime factors of y.
13
Suppose -5*y = -7*y. Suppose 0*g = -5*g + 35. Suppose q - 3 - g = y. List the prime factors of q.
2, 5
Let q(i) = i**2 + i. Let p be (3/(-9))/((-3)/18). List the prime factors of q(p).
2, 3
Suppose -3 = -3*p - 12. Let d(o) = o**3 - o**2 - 5*o + 6. Let m be d(3). Let n = m - p. List the prime factors of n.
2, 3
Let p(m) be the second derivative of m**7/2520 + m**6/240 + m**5/30 - m**4/6 - 2*m. Let y(j) be the third derivative of p(j). List the prime factors of y(-3).
2
Suppose -l - 4 = -4*l + 2*u, 5*l + 5*u - 15 = 0. Suppose 5*m = 3*m + 3*k + 18, l*m = 2*k + 18. What are the prime factors of m?
3
Let t be 5 - (1 + -2)*-3. List the prime factors of 4/4 - (t - 13).
2, 3
Let x(t) = 8*t + 112. What are the prime factors of x(25)?
2, 3, 13
List the prime factors of 70 + 9/(45/20).
2, 37
Suppose 3*z - 126 = -51. What are the prime factors of z?
5
Suppose 23 = b - 4. List the prime factors of b.
3
Let i(r) = -r**3 - 16*r**2 - 18*r - 40. List the prime factors of i(-16).
2, 31
Suppose 2*n + 3 = 5. List the prime factors of n/(-1)*(0 - 23).
23
Let d(j) = -j**2 + j + 22. Let a be d(0). Let l = a - 16. What are the prime factors of l?
2, 3
Let h(w) = w - 6. Let m(n) = -4*n + 17. Let t(f) = -8*h(f) - 3*m(f). Let a be -2*1 + 2 + 2. What are the prime factors of t(a)?
5
Let z = -13 - -34. Let r be -13 - (-2)/(-3)*-3. Let p = r + z. What are the prime factors of p?
2, 5
Let o(w) = w**3 - 5*w**2 - 14*w + 5. What are the prime factors of o(9)?
7, 29
Suppose -z + 30 + 5 = 0. Suppose -1 - z = -4*w. What are the prime factors of w?
3
Suppose 0 = 2*p - 6. What are the prime factors of -21*(p + 33/(-9))?
2, 7
Let r(g) = -55*g + 40. What are the prime factors of r(-7)?
5, 17
What are the prime factors of (3*1)/((5/(-43))/(-5))?
3, 43
Suppose 0*k - 3*t + 201 = 3*k, -k + 73 = 3*t. List the prime factors of k.
2
Suppose -3*b - 179 = -3*o - 44, -3*b - 15 = 0. List the prime factors of o.
2, 5
Let i(q) = -3*q + 5. List the prime factors of i(-3).
2, 7
Let g = -22 - -34. List the prime factors of (0 + 3)*20/g.
5
Suppose -3*y + 5 = 2*y. Let v = y + 8. Let l = v + 3. List the prime factors of l.
2, 3
Suppose 5*w - 5*o - 305 = -0*w, -w = 2*o - 55. List the prime factors of w.
59
Suppose 2*p = p. Let w = 6 + p. List the prime factors of 16 - 1 - w/2.
2, 3
Let a(r) = 25*r - 27. List the prime factors of a(4).
73
Suppose 2*u - 2*d = -4, -u + 5*d = -2*u + 10.